{"id":231,"date":"2020-06-19T19:52:58","date_gmt":"2020-06-19T19:52:58","guid":{"rendered":"https:\/\/www.seguridadycontrol.com.mx\/soluciones\/?page_id=231"},"modified":"2022-06-29T16:55:14","modified_gmt":"2022-06-29T16:55:14","slug":"callisto-kit","status":"publish","type":"page","link":"https:\/\/www.seguridadycontrol.com.mx\/soluciones\/callisto-kit\/","title":{"rendered":"Callisto Kit"},"content":{"rendered":"<p>[vc_row full_width=&#8221;stretch_row&#8221; css=&#8221;.vc_custom_1592592527875{padding-top: 200px !important;padding-bottom: 310px !important;background-image: url(https:\/\/www.seguridadycontrol.com.mx\/soluciones\/wp-content\/uploads\/2020\/06\/Sensores-EBS-1.jpeg?id=264) !important;background-position: center !important;background-repeat: no-repeat !important;background-size: cover !important;}&#8221;][vc_column css=&#8221;.vc_custom_1513003956648{padding-top: 0px !important;}&#8221;][vc_row_inner][vc_column_inner width=&#8221;1\/4&#8243; css=&#8221;.vc_custom_1513004658055{padding-top: 50px !important;padding-left: 0px !important;}&#8221;][\/vc_column_inner][vc_column_inner width=&#8221;6\/12&#8243; css=&#8221;.vc_custom_1513008591637{padding-right: 0px !important;padding-left: 0px !important;}&#8221;]<div class=\"kd-text-rotator kd-rotatorid-69e441e830515 text-center  \"><div class=\"kd-text-rotator-container\"><h2 class=\"rotator-single kd-rotator-item-1 last\" style=\"transition: all 0.5s 0.5s; color: #ffffff; font-size: 42px;\">Callisto Kit<\/h2><\/div><\/div>[vc_empty_space height=&#8221;25px&#8221;]<div class=\"video-container play-button-center \"><a data-toggle=\"modal\" data-target=\"#video-modal-kd-video-modal-69e441e83059f\" data-src=\"\" data-backdrop=\"true\"><span class=\"play-video\"><span class=\"fas fa-play\"><\/span><\/span><\/a><\/div><div class=\"modal fade video-modal\" id=\"video-modal-kd-video-modal-69e441e83059f\" role=\"dialog\">\n                            <div class=\"modal-content\">\n                            <div class=\"row\"><video class=\"video-modal-local\" title=\"\" poster=\"\" height=\"400px\" controls>\n                              <source src=\"https:\/\/www.seguridadycontrol.com.mx\/soluciones\/wp-content\/uploads\/2020\/06\/Callisto.mp4\" type=\"video\/mp4\"><img decoding=\"async\" alt=\"\" src=\"\" title=\"Video playback is not supported by your browser\" \/>\n                              <\/video><\/div>\n                            <\/div>\n                        <\/div>[\/vc_column_inner][vc_column_inner width=&#8221;1\/4&#8243;][\/vc_column_inner][\/vc_row_inner][\/vc_column][\/vc_row][vc_row full_width=&#8221;stretch_row&#8221; css=&#8221;.vc_custom_1516112546299{padding-top: 100px !important;padding-bottom: 80px !important;background-color: #f7f9fb !important;}&#8221;][vc_column width=&#8221;1\/2&#8243; css=&#8221;.vc_custom_1513687960231{padding-right: 40px !important;}&#8221;]<header class=\"kd-section-title col-lg-12 text-left    \" ><h2 class=\"separator_off\" style=\"color: #0a0202;font-size: 42px;\">Panel de Alarma, con aplicaci\u00f3n para Smartphones que permite controlar y monitorear el sistema de alarma a distancia.<\/h2><\/header>[\/vc_column][vc_column width=&#8221;1\/2&#8243; css=&#8221;.vc_custom_1513687965157{padding-left: 40px !important;}&#8221;][vc_custom_heading text=&#8221;Un sistema con detectores inal\u00e1mbricos, para simplificar la instalaci\u00f3n y utilizando la tecnolog\u00eda GSM el Panel puede notificar a su tel\u00e9fono celular por medio de la App EBS Security la cual no tiene costo alguno, puede monitorear en su aplicaci\u00f3n la condici\u00f3n o estatus de cada uno de sus sensores instalados, al generarse alg\u00fan evento usted lo recibir\u00e1 y los usuarios que tengan acceso; soporta hasta 16 Zonas, lo que permite una instalaci\u00f3n r\u00e1pida, si quieres evitar las molestias del cableado, el panel Callisto kit es la soluci\u00f3n, es un equipo que cumple los requisitos b\u00e1sicos para la seguridad de tu hogar y negocio.&#8221; font_container=&#8221;tag:h5|font_size:18|text_align:justify|line_height:1.6&#8243; use_theme_fonts=&#8221;yes&#8221; css=&#8221;.vc_custom_1592596297617{margin-top: 5px !important;}&#8221;][\/vc_column][\/vc_row][vc_row full_width=&#8221;stretch_row_content&#8221; css=&#8221;.vc_custom_1592596658697{background-color: #f7f9fb !important;}&#8221;][vc_column width=&#8221;1\/2&#8243; css=&#8221;.vc_custom_1522316929719{padding-top: 0px !important;}&#8221; offset=&#8221;vc_col-lg-6 vc_col-md-12&#8243;][vc_row_inner css=&#8221;.vc_custom_1592593009457{padding-top: 300px !important;padding-bottom: 225px !important;background-image: url(https:\/\/www.seguridadycontrol.com.mx\/soluciones\/wp-content\/uploads\/2020\/06\/Paquete-callisto.png?id=255) !important;background-position: center !important;background-repeat: no-repeat !important;background-size: cover !important;}&#8221;][vc_column_inner css=&#8221;.vc_custom_1511789291663{padding-top: 0px !important;padding-bottom: 0px !important;}&#8221;][vc_empty_space height=&#8221;100px&#8221;][\/vc_column_inner][\/vc_row_inner][\/vc_column][vc_column width=&#8221;1\/2&#8243; offset=&#8221;vc_col-lg-6 vc_col-md-12&#8243; css=&#8221;.vc_custom_1592593355249{padding-right: 20px !important;padding-left: 20px !important;}&#8221;][vc_row_inner][vc_column_inner]<header class=\"kd-section-title col-lg-12 text-left    \" ><h2 class=\"separator_off\" >El Panel de Alarma incluye:<\/h2><\/header>[\/vc_column_inner][\/vc_row_inner][vc_row_inner css=&#8221;.vc_custom_1516103984431{padding-top: 100px !important;}&#8221;][vc_column_inner width=&#8221;1\/2&#8243; offset=&#8221;vc_col-xs-12&#8243;][vc_column_text]<\/p>\n<ul>\n<li>1 Tarjeta o central CALLISTO<\/li>\n<li>1 Teclado<\/li>\n<li>2 Dos detectores de movimiento inal\u00e1mbricos PIR-10<\/li>\n<li>1 El contacto magn\u00e9tico inal\u00e1mbrico MC-10 que permite la detecci\u00f3n de puertas \/ ventanas que se abren<\/li>\n<li>2 Mandos a distancia RC-10<\/li>\n<li>1 Caja de ABS con un transformador de potencia<\/li>\n<\/ul>\n<p>[\/vc_column_text][\/vc_column_inner][vc_column_inner width=&#8221;1\/2&#8243; offset=&#8221;vc_col-xs-12&#8243;][vc_column_text]<\/p>\n<ul>\n<li>1 Antena GSM<\/li>\n<li>1 Bater\u00eda de Respaldo<\/li>\n<li>1 Sirena con Estrobo<\/li>\n<li>1 Tarjeta SIM, Datos de 10 MB por 1 a\u00f1o<\/li>\n<li>Instalaci\u00f3n<\/li>\n<\/ul>\n<p>[\/vc_column_text][vc_column_text css=&#8221;.vc_custom_1592672195591{padding-top: 25px !important;}&#8221;]<strong>NO INCLUYE:<\/strong><\/p>\n<ul>\n<li>Tuber\u00edas de ning\u00fan tipo<\/li>\n<li>Trabajo de Obra civil, Jardiner\u00eda, El\u00e9ctrico o Alba\u00f1iler\u00eda<\/li>\n<li>servicio de Internet<\/li>\n<\/ul>\n<p>[\/vc_column_text][\/vc_column_inner][\/vc_row_inner][\/vc_column][\/vc_row][vc_row full_width=&#8221;stretch_row&#8221; css=&#8221;.vc_custom_1515751968085{padding-top: 100px !important;}&#8221;][vc_column css=&#8221;.vc_custom_1515752234075{padding-right: 0px !important;padding-left: 0px !important;}&#8221;]<header class=\"kd-section-title vc_col-lg-6 vc_col-sm-8 text-center solid-line sep-border-width-2     vc_custom_1592582946663\" ><h2 class=\"separator_on\" >Preguntas frecuentes<\/h2><div class=\"kd-separator below_title\" ><div class=\"kd-separator-line\" ><\/div><\/div><\/header>[vc_row_inner gap=&#8221;30&#8243; css=&#8221;.vc_custom_1515751960340{padding-bottom: 100px !important;}&#8221;][vc_column_inner width=&#8221;1\/2&#8243; css=&#8221;.vc_custom_1515752244122{padding-right: 0px !important;padding-left: 0px !important;}&#8221;][vc_toggle title=&#8221;\u00bfQu\u00e9 es la aplicaci\u00f3n EBS Security y es compatible con iPhone o Smartphones Android?&#8221; css_animation=&#8221;none&#8221;]<strong>La aplicaci\u00f3n de EBS Security le permite controlar su alarma a distancia, saber su estado, armar y desarmar y mucho m\u00e1s, es compatible con iOS y Android<\/strong><strong>.<\/strong>[\/vc_toggle][vc_toggle title=&#8221;\u00bfQu\u00e9 es GSM y c\u00f3mo beneficia al Panel de alarma con este tipo de tecnolog\u00eda?&#8221;]<strong>Las siglas GSM provienen de \u201cGroupe Sp\u00e9cial Mobile\u201d ya que se desarroll\u00f3 en Francia, Europa. Actualmente es un sistema de transmisi\u00f3n universal y es la base del GPRS o 2G, el 3G y 4G. La tecnolog\u00eda GSM\/GPRS\/SMS es la misma que permite la transmisi\u00f3n de informaci\u00f3n entre dispositivos m\u00f3viles.<\/strong><\/p>\n<p><strong>\u00a0<\/strong><\/p>\n<p><strong>Esto gracias a la tarjeta SIM incluida dentro del\u00a0panel de control, la que lo hace independiente de internet, l\u00ednea telef\u00f3nica o WiFi para transmitir se\u00f1ales de alerta.<\/strong><\/p>\n<p><strong>\u00a0<\/strong>[\/vc_toggle][\/vc_column_inner][vc_column_inner width=&#8221;1\/2&#8243; css=&#8221;.vc_custom_1515752251971{padding-right: 0px !important;padding-left: 0px !important;}&#8221;][vc_toggle title=&#8221;\u00bfQu\u00e9 sucede cuando el panel de alarma se queda sin corriente el\u00e9ctrica?&#8221; css_animation=&#8221;none&#8221;]<b>Con la app puedes monitorear el estatus de la corriente el\u00e9ctrica si est\u00e1 disponible o se encuentra trabajando con la bater\u00eda de respaldo e inclusive notificarte cuando esta est\u00e9 fallando.<\/b>[\/vc_toggle][vc_toggle title=&#8221;\u00bfHasta cuantos usuarios pueden utilizar la app?&#8221;]La app la pueden utilizar usuarios ilimitados, pero registrados en el panel con password solo permite 8 y 1 administrador, lo que le permite saber que usuario arm\u00f3 o desarmo el panel en determinado tiempo.[\/vc_toggle][vc_toggle title=&#8221;\u00bfC\u00f3mo trabaja la SIMCARD que viene incluida en el KIT?&#8221;]Los servicios de datos de sim2move que viene incluido en el kit, es dise\u00f1ado especialmente para sistemas de seguridad tales como comunicadores, sistemas de alarma, localizadores GPS y c\u00e1maras de seguridad que requieran de una tarjeta SIM y conectividad en redes 2G y 3G. Con sim2move los dispositivos siempre tendr\u00e1n conectividad gracias que se usa la<\/p>\n<p>infraestructura de al menos 2 o 3 proveedores de servicio de telefon\u00eda m\u00f3vil en cada pa\u00eds.<\/p>\n<p>&nbsp;<\/p>\n<p>Si tiene alguna duda sobre los kits de <strong>EBS<\/strong> o requieres apoyo, un asesor le podr\u00e1 ayudar a elegir el sistema que m\u00e1s se adapta a sus necesidades. P\u00f3ngase en contacto sin compromiso o costo alguno le ofrecemos asesoramiento personalizado.[\/vc_toggle][\/vc_column_inner][\/vc_row_inner][\/vc_column][\/vc_row][vc_row full_width=&#8221;stretch_row&#8221; css=&#8221;.vc_custom_1656521322266{background: #ebebeb url(https:\/\/www.seguridadycontrol.com.mx\/soluciones\/wp-content\/uploads\/2020\/06\/callisto-fondo-contactoC.jpg?id=282) !important;}&#8221;][vc_column css=&#8221;.vc_custom_1656521339458{padding-right: 0px !important;padding-left: 0px !important;background-color: #ebebeb !important;}&#8221;][vc_column_text css=&#8221;.vc_custom_1656521203868{padding-top: 80px !important;}&#8221;]<\/p>\n<h1><\/h1>\n<h1 style=\"text-align: center;\"><strong>Personaliza tu soluci\u00f3n<\/strong><\/h1>\n<p>[\/vc_column_text][vc_row_inner css=&#8221;.vc_custom_1656521308991{padding-top: 100px !important;padding-bottom: 100px !important;background-color: EBEBEB !important;}&#8221;][vc_column_inner width=&#8221;1\/2&#8243; css=&#8221;.vc_custom_1515497648972{padding-top: 50px !important;padding-right: 70px !important;padding-left: 100px !important;}&#8221;][vc_empty_space][vc_single_image image=&#8221;2981&#8243; img_size=&#8221;large&#8221; alignment=&#8221;center&#8221;][\/vc_column_inner][vc_column_inner width=&#8221;1\/2&#8243; css=&#8221;.vc_custom_1515497653772{padding-right: 80px !important;padding-left: 50px !important;}&#8221;]<div class=\"kd-contact-form full-width-cf  \">\n<div class=\"wpcf7 no-js\" id=\"wpcf7-f272-o1\" lang=\"es-MX\" dir=\"ltr\">\n<div class=\"screen-reader-response\"><p role=\"status\" aria-live=\"polite\" aria-atomic=\"true\"><\/p> <ul><\/ul><\/div>\n<form action=\"\/soluciones\/wp-json\/wp\/v2\/pages\/231#wpcf7-f272-o1\" method=\"post\" class=\"wpcf7-form init\" aria-label=\"Formulario de contacto\" novalidate=\"novalidate\" data-status=\"init\">\n<div style=\"display: none;\">\n<input type=\"hidden\" name=\"_wpcf7\" value=\"272\" \/>\n<input type=\"hidden\" name=\"_wpcf7_version\" value=\"5.9.8\" \/>\n<input type=\"hidden\" name=\"_wpcf7_locale\" value=\"es_MX\" \/>\n<input type=\"hidden\" name=\"_wpcf7_unit_tag\" value=\"wpcf7-f272-o1\" \/>\n<input type=\"hidden\" name=\"_wpcf7_container_post\" value=\"0\" \/>\n<input type=\"hidden\" name=\"_wpcf7_posted_data_hash\" value=\"\" \/>\n<input type=\"hidden\" name=\"_wpcf7_recaptcha_response\" value=\"\" \/>\n<\/div>\n<p><label> Tu Nombre (requerido)<br \/>\n<span class=\"wpcf7-form-control-wrap\" data-name=\"your-name\"><input size=\"40\" maxlength=\"400\" class=\"wpcf7-form-control wpcf7-text wpcf7-validates-as-required\" aria-required=\"true\" aria-invalid=\"false\" value=\"\" type=\"text\" name=\"your-name\" \/><\/span> <\/label>\n<\/p>\n<p><label> Tu correo electr\u00f3nico (requerido)<br \/>\n<span class=\"wpcf7-form-control-wrap\" data-name=\"your-email\"><input size=\"40\" maxlength=\"400\" class=\"wpcf7-form-control wpcf7-email wpcf7-validates-as-required wpcf7-text wpcf7-validates-as-email\" aria-required=\"true\" aria-invalid=\"false\" value=\"\" type=\"email\" name=\"your-email\" \/><\/span> <\/label>\n<\/p>\n<p><label> Tu numero de tel\u00e9fono (requerido)<br \/>\n<span class=\"wpcf7-form-control-wrap\" data-name=\"tel-998\"><input size=\"40\" maxlength=\"400\" class=\"wpcf7-form-control wpcf7-tel wpcf7-validates-as-required wpcf7-text wpcf7-validates-as-tel\" aria-required=\"true\" aria-invalid=\"false\" value=\"\" type=\"tel\" name=\"tel-998\" \/><\/span> <\/label>\n<\/p>\n<p><label>1) \u00bfCu\u00e1ntos sensores adicionales necesitas adem\u00e1s de los incluidos en el kit?<br \/>\n<span class=\"wpcf7-form-control-wrap\" data-name=\"camaras\"><input class=\"wpcf7-form-control wpcf7-number wpcf7-validates-as-required wpcf7-validates-as-number\" min=\"1\" aria-required=\"true\" aria-invalid=\"false\" value=\"1\" type=\"number\" name=\"camaras\" \/><\/span><\/label>\n<\/p>\n<p><label>2) \u00bfRequieres sensores cableados para alguna zona en espec\u00edfico y cuantos?<span class=\"wpcf7-form-control-wrap\" data-name=\"distancia\"><input size=\"40\" maxlength=\"400\" class=\"wpcf7-form-control wpcf7-text wpcf7-validates-as-required\" aria-required=\"true\" aria-invalid=\"false\" value=\"\" type=\"text\" name=\"distancia\" \/><\/span><\/label>\n<\/p>\n<p><label>3) \u00bfRequieres de sensores especiales como sensor de Humo, sensores de rotura de cristal, contactos magn\u00e9ticos de uso rudo para cortinas de acero, u otro dispositivo?<br \/>\n<span class=\"wpcf7-form-control-wrap\" data-name=\"especiales\"><input size=\"40\" maxlength=\"400\" class=\"wpcf7-form-control wpcf7-text\" aria-invalid=\"false\" value=\"\" type=\"text\" name=\"especiales\" \/><\/span><\/label>\n<\/p>\n<p><label>4) \u00bfDistancia m\u00e1s lejana del sensor a donde estar\u00e1 ubicado el panel Callisto?<br \/>\n<span class=\"wpcf7-form-control-wrap\" data-name=\"Distancia\"><input class=\"wpcf7-form-control wpcf7-number wpcf7-validates-as-number\" min=\"1\" aria-invalid=\"false\" value=\"\" type=\"number\" name=\"Distancia\" \/><\/span><\/label>\n<\/p>\n<p><label>5) \u00bfLe gustar\u00eda ampliar su plan de datos a 2 a\u00f1os?<br \/>\n<span class=\"wpcf7-form-control-wrap\" data-name=\"Plan\"><select class=\"wpcf7-form-control wpcf7-select\" aria-invalid=\"false\" name=\"Plan\"><option value=\"Si\">Si<\/option><option value=\"No\">No<\/option><\/select><\/span><\/label>\n<\/p>\n<p><input class=\"wpcf7-form-control wpcf7-submit has-spinner\" type=\"submit\" value=\"Enviar\" \/>\n<\/p><div class=\"wpcf7-response-output\" aria-hidden=\"true\"><\/div>\n<\/form>\n<\/div>\n<\/div>[vc_column_text]Nota: el consumo de datos puede variar de acorde al uso del panel, por lo cual la tarifa puede cambiar.[\/vc_column_text][\/vc_column_inner][\/vc_row_inner][\/vc_column][\/vc_row][vc_row full_width=&#8221;stretch_row&#8221;][vc_column css=&#8221;.vc_custom_1516095225433{padding-right: 0px !important;padding-left: 0px !important;}&#8221;][vc_row_inner css=&#8221;.vc_custom_1515166371656{padding-top: 100px !important;padding-bottom: 100px !important;}&#8221;][vc_column_inner width=&#8221;1\/2&#8243; css=&#8221;.vc_custom_1515166784808{padding-top: 50px !important;}&#8221;]<div class=\"kd-contact-form full-width-cf  \">\n<div class=\"wpcf7 no-js\" id=\"wpcf7-f7-o2\" lang=\"es-MX\" dir=\"ltr\">\n<div class=\"screen-reader-response\"><p role=\"status\" aria-live=\"polite\" aria-atomic=\"true\"><\/p> <ul><\/ul><\/div>\n<form action=\"\/soluciones\/wp-json\/wp\/v2\/pages\/231#wpcf7-f7-o2\" method=\"post\" class=\"wpcf7-form init\" aria-label=\"Formulario de contacto\" novalidate=\"novalidate\" data-status=\"init\">\n<div style=\"display: none;\">\n<input type=\"hidden\" name=\"_wpcf7\" value=\"7\" \/>\n<input type=\"hidden\" name=\"_wpcf7_version\" value=\"5.9.8\" \/>\n<input type=\"hidden\" name=\"_wpcf7_locale\" value=\"es_MX\" \/>\n<input type=\"hidden\" name=\"_wpcf7_unit_tag\" value=\"wpcf7-f7-o2\" \/>\n<input type=\"hidden\" name=\"_wpcf7_container_post\" value=\"0\" \/>\n<input type=\"hidden\" name=\"_wpcf7_posted_data_hash\" value=\"\" \/>\n<input type=\"hidden\" name=\"_wpcf7_recaptcha_response\" value=\"\" \/>\n<\/div>\n<p><label> Tu Nombre (requerido)<br \/>\n<span class=\"wpcf7-form-control-wrap\" data-name=\"your-name\"><input size=\"40\" maxlength=\"400\" class=\"wpcf7-form-control wpcf7-text wpcf7-validates-as-required\" aria-required=\"true\" aria-invalid=\"false\" value=\"\" type=\"text\" name=\"your-name\" \/><\/span> <\/label>\n<\/p>\n<p><label>Asunto (requerido)<br \/>\n<span class=\"wpcf7-form-control-wrap\" data-name=\"asunto\"><input size=\"40\" maxlength=\"400\" class=\"wpcf7-form-control wpcf7-text wpcf7-validates-as-required\" aria-required=\"true\" aria-invalid=\"false\" value=\"\" type=\"text\" name=\"asunto\" \/><\/span><\/label>\n<\/p>\n<p><label> Tu correo electr\u00f3nico (requerido)<br \/>\n<span class=\"wpcf7-form-control-wrap\" data-name=\"your-email\"><input size=\"40\" maxlength=\"400\" class=\"wpcf7-form-control wpcf7-email wpcf7-validates-as-required wpcf7-text wpcf7-validates-as-email\" aria-required=\"true\" aria-invalid=\"false\" value=\"\" type=\"email\" name=\"your-email\" \/><\/span> <\/label>\n<\/p>\n<p><input class=\"wpcf7-form-control wpcf7-submit has-spinner\" type=\"submit\" value=\"Enviar\" \/>\n<\/p><div class=\"wpcf7-response-output\" aria-hidden=\"true\"><\/div>\n<\/form>\n<\/div>\n<\/div>[\/vc_column_inner][vc_column_inner width=&#8221;1\/3&#8243;]<header class=\"kd-section-title col-lg-12 text-left solid-line sep-border-width-2    \" ><h2 class=\"separator_on\" >Necesitas m\u00e1s informaci\u00f3n sobre esta soluci\u00f3n<\/h2><div class=\"kd-separator below_title\" ><div class=\"kd-separator-line\" ><\/div><\/div><\/header>[vc_column_text]Ponte en contacto con nosotros[\/vc_column_text][\/vc_column_inner][\/vc_row_inner][\/vc_column][\/vc_row][vc_row][vc_column][vc_raw_js]JTNDJTIxLS1TdGFydCUyMG9mJTIwVGF3ay50byUyMFNjcmlwdC0tJTNFJTBBJTNDc2NyaXB0JTIwdHlwZSUzRCUyMnRleHQlMkZqYXZhc2NyaXB0JTIyJTNFJTBBdmFyJTIwVGF3a19BUEklM0RUYXdrX0FQSSU3QyU3QyU3QiU3RCUyQyUyMFRhd2tfTG9hZFN0YXJ0JTNEbmV3JTIwRGF0ZSUyOCUyOSUzQiUwQSUyOGZ1bmN0aW9uJTI4JTI5JTdCJTBBdmFyJTIwczElM0Rkb2N1bWVudC5jcmVhdGVFbGVtZW50JTI4JTIyc2NyaXB0JTIyJTI5JTJDczAlM0Rkb2N1bWVudC5nZXRFbGVtZW50c0J5VGFnTmFtZSUyOCUyMnNjcmlwdCUyMiUyOSU1QjAlNUQlM0IlMEFzMS5hc3luYyUzRHRydWUlM0IlMEFzMS5zcmMlM0QlMjdodHRwcyUzQSUyRiUyRmVtYmVkLnRhd2sudG8lMkY1ZjA0YTZlOTc2MGIyYjU2MGU2ZmVhNjQlMkZkZWZhdWx0JTI3JTNCJTBBczEuY2hhcnNldCUzRCUyN1VURi04JTI3JTNCJTBBczEuc2V0QXR0cmlidXRlJTI4JTI3Y3Jvc3NvcmlnaW4lMjclMkMlMjclMkElMjclMjklM0IlMEFzMC5wYXJlbnROb2RlLmluc2VydEJlZm9yZSUyOHMxJTJDczAlMjklM0IlMEElN0QlMjklMjglMjklM0IlMEElM0MlMkZzY3JpcHQlM0UlMEElM0MlMjEtLUVuZCUyMG9mJTIwVGF3ay50byUyMFNjcmlwdC0tJTNF[\/vc_raw_js][\/vc_column][\/vc_row]<\/p>\n","protected":false},"excerpt":{"rendered":"<p>[vc_row full_width=&#8221;stretch_row&#8221; css=&#8221;.vc_custom_1592592527875{padding-top: 200px !important;padding-bottom: 310px !important;background-image: url(https:\/\/www.seguridadycontrol.com.mx\/soluciones\/wp-content\/uploads\/2020\/06\/Sensores-EBS-1.jpeg?id=264) !important;background-position: center !important;background-repeat: no-repeat !important;background-size: cover !important;}&#8221;][vc_column css=&#8221;.vc_custom_1513003956648{padding-top: 0px !important;}&#8221;][vc_row_inner][vc_column_inner width=&#8221;1\/4&#8243; css=&#8221;.vc_custom_1513004658055{padding-top: 50px !important;padding-left: 0px !important;}&#8221;][\/vc_column_inner][vc_column_inner width=&#8221;6\/12&#8243; css=&#8221;.vc_custom_1513008591637{padding-right: 0px [&hellip;]<\/p>\n","protected":false},"author":2,"featured_media":0,"parent":0,"menu_order":0,"comment_status":"closed","ping_status":"closed","template":"","meta":{"footnotes":""},"class_list":["post-231","page","type-page","status-publish","hentry"],"_links":{"self":[{"href":"https:\/\/www.seguridadycontrol.com.mx\/soluciones\/wp-json\/wp\/v2\/pages\/231"}],"collection":[{"href":"https:\/\/www.seguridadycontrol.com.mx\/soluciones\/wp-json\/wp\/v2\/pages"}],"about":[{"href":"https:\/\/www.seguridadycontrol.com.mx\/soluciones\/wp-json\/wp\/v2\/types\/page"}],"author":[{"embeddable":true,"href":"https:\/\/www.seguridadycontrol.com.mx\/soluciones\/wp-json\/wp\/v2\/users\/2"}],"replies":[{"embeddable":true,"href":"https:\/\/www.seguridadycontrol.com.mx\/soluciones\/wp-json\/wp\/v2\/comments?post=231"}],"version-history":[{"count":54,"href":"https:\/\/www.seguridadycontrol.com.mx\/soluciones\/wp-json\/wp\/v2\/pages\/231\/revisions"}],"predecessor-version":[{"id":2982,"href":"https:\/\/www.seguridadycontrol.com.mx\/soluciones\/wp-json\/wp\/v2\/pages\/231\/revisions\/2982"}],"wp:attachment":[{"href":"https:\/\/www.seguridadycontrol.com.mx\/soluciones\/wp-json\/wp\/v2\/media?parent=231"}],"curies":[{"name":"wp","href":"https:\/\/api.w.org\/{rel}","templated":true}]}}